on factor of 412 and 2678?
206
Calculate the greatest common factor of 346 and 5882.
346
What is the highest common divisor of 406 and 986?
58
Calculate the highest common divisor of 162 and 14499.
81
What is the greatest common factor of 58 and 55129?
29
What is the highest common factor of 1837 and 11?
11
What is the highest common divisor of 319 and 203?
29
Calculate the highest common divisor of 42 and 238.
14
Calculate the greatest common factor of 1891 and 244.
61
What is the highest common factor of 8 and 324?
4
What is the highest common divisor of 2486 and 44?
22
Calculate the greatest common factor of 943 and 2.
1
What is the greatest common divisor of 21 and 49?
7
What is the highest common divisor of 783 and 232?
29
What is the greatest common factor of 136 and 56?
8
Calculate the highest common factor of 13034 and 76.
38
What is the greatest common divisor of 57 and 3?
3
What is the highest common factor of 6405 and 105?
105
What is the highest common factor of 2832 and 59?
59
Calculate the highest common divisor of 364 and 273.
91
Calculate the greatest common divisor of 2232 and 4712.
248
Calculate the highest common factor of 48 and 80.
16
What is the highest common divisor of 18 and 46?
2
What is the highest common factor of 24 and 8058?
6
Calculate the greatest common factor of 126 and 72.
18
Calculate the greatest common divisor of 345 and 4623.
69
What is the highest common factor of 77 and 33?
11
Calculate the greatest common factor of 287 and 369.
41
What is the greatest common divisor of 15418 and 52?
26
What is the greatest common divisor of 2994 and 6?
6
Calculate the highest common factor of 87 and 261.
87
Calculate the greatest common factor of 651 and 4743.
93
Calculate the greatest common factor of 272 and 51.
17
Calculate the highest common divisor of 104 and 1768.
104
Calculate the greatest common divisor of 22 and 18.
2
What is the greatest common factor of 4151 and 7?
7
Calculate the greatest common factor of 3 and 51.
3
What is the highest common factor of 11342 and 53?
53
What is the highest common divisor of 1750 and 14?
14
Calculate the greatest common divisor of 8226 and 234.
18
Calculate the greatest common divisor of 13088 and 160.
32
What is the greatest common factor of 1053 and 13?
13
Calculate the greatest common divisor of 89 and 54557.
89
What is the greatest common factor of 9638 and 488?
122
Calculate the greatest common factor of 913 and 374.
11
What is the highest common factor of 105 and 30?
15
Calculate the highest common factor of 144 and 36.
36
Calculate the greatest common factor of 1776 and 144.
48
Calculate the greatest common divisor of 18368 and 820.
164
Calculate the greatest common factor of 30 and 1065.
15
What is the highest common divisor of 330 and 750?
30
Calculate the highest common factor of 2070 and 75.
15
What is the greatest common divisor of 696 and 96?
24
Calculate the greatest common divisor of 12980 and 44.
44
Calculate the greatest common factor of 64 and 1968.
16
What is the highest common divisor of 398 and 3383?
199
Calculate the greatest common divisor of 33 and 825.
33
Calculate the highest common divisor of 105 and 165.
15
Calculate the highest common factor of 190 and 16055.
95
What is the highest common divisor of 9285 and 30?
15
Calculate the highest common divisor of 8 and 1400.
8
Calculate the highest common factor of 16 and 8.
8
What is the greatest common divisor of 64 and 968?
8
What is the greatest common divisor of 798 and 42?
42
What is the greatest common divisor of 4992 and 39?
39
What is the highest common divisor of 8552 and 16?
8
What is the highest common factor of 40 and 1240?
40
What is the highest common factor of 45 and 20?
5
Calculate the highest common divisor of 792 and 704.
88
What is the highest common divisor of 154 and 1309?
77
What is the highest common divisor of 205 and 164?
41
Calculate the highest common divisor of 270 and 110.
10
What is the highest common factor of 114 and 399?
57
Calculate the highest common factor of 1168 and 73.
73
What is the highest common factor of 126 and 238?
14
Calculate the greatest common divisor of 539 and 44.
11
Calculate the greatest common divisor of 208 and 64.
16
What is the highest common divisor of 679 and 776?
97
What is the greatest common factor of 5 and 20?
5
What is the highest common factor of 324 and 36?
36
Calculate the greatest common factor of 44 and 32.
4
Calculate the greatest common divisor of 1 and 7.
1
What is the greatest common factor of 2540 and 40?
20
What is the greatest common divisor of 16496 and 32?
16
Calculate the greatest common divisor of 57 and 12.
3
What is the highest common divisor of 18060 and 105?
105
Calculate the greatest common factor of 1 and 11.
1
Calculate the highest common divisor of 2674 and 56.
14
Calculate the highest common factor of 48328 and 16.
8
Calculate the greatest common factor of 23 and 7107.
23
Calculate the greatest common divisor of 664 and 1660.
332
What is the highest common factor of 156 and 28?
4
What is the greatest common divisor of 4 and 171?
1
What is the greatest common factor of 5191 and 29?
29
Calculate the greatest common divisor of 296 and 14356.
148
Calculate the greatest common divisor of 164 and 4346.
82
What is the highest common factor of 943 and 41?
41
Calculate the greatest common factor of 88 and 11.
11
What is the greatest common factor of 150 and 24?
6
Calculate the greatest common divisor of 132 and 768.
12
What is the highest common factor of 54 and 288?
18
What is the highest common factor of 98 and 56?
14
What is the highest common divisor of 98 and 6223?
49
Calculate the greatest common factor of 70 and 88.
2
Calculate the greatest common factor of 341 and 124.
31
What is the greatest common divisor of 182 and 70?
14
Calculate the highest common factor of 30 and 2190.
30
Calculate the highest common factor of 1131 and 609.
87
Calculate the highest common divisor of 23280 and 48.
48
What is the greatest common divisor of 1679 and 92?
23
What is the highest common factor of 60 and 660?
60
Calculate the highest common divisor of 575 and 1350.
25
What is the greatest common divisor of 258 and 1419?
129
What is the highest common factor of 17 and 6?
1
What is the highest common divisor of 170 and 1870?
170
What is the highest common factor of 77 and 99?
11
Calculate the greatest common factor of 71 and 781.
71
Calculate the highest common divisor of 31 and 155.
31
Calculate the greatest common factor of 26 and 702.
26
What is the greatest common factor of 62 and 3286?
62
Calculate the highest common divisor of 110 and 121.
11
Calculate the highest common divisor of 7 and 427.
7
Calculate the highest common factor of 310 and 62.
62
What is the highest common divisor of 124 and 3348?
124
Calculate the highest common factor of 24224 and 32.
32
Calculate the greatest common divisor of 112 and 266.
14
What is the greatest common divisor of 88 and 12?
4
Calculate the greatest common factor of 11664 and 576.
144
What is the greatest common factor of 289 and 68?
17
What is the highest common divisor of 47922 and 196?
98
Calculate the greatest common factor of 180 and 252.
36
Calculate the greatest common factor of 1144 and 4136.
88
Calculate the highest common factor of 275 and 450.
25
Calculate the highest common factor of 9 and 63.
9
Calculate the highest common divisor of 29 and 841.
29
What is the highest common factor of 2091 and 153?
51
Calculate the highest common divisor of 395 and 5.
5
Calculate the highest common divisor of 1314 and 36.
18
What is the highest common factor of 210 and 126?
42
Calculate the highest common divisor of 108 and 48.
12
What is the greatest common factor of 180 and 1296?
36
Calculate the greatest common factor of 741 and 285.
57
What is the greatest common divisor of 690 and 9430?
230
Calculate the highest common divisor of 4 and 2764.
4
Calculate the highest common divisor of 5 and 655.
5
What is the greatest common divisor of 896 and 192?
64
Calculate the greatest common factor of 517 and 94.
47
What is the highest common divisor of 650 and 260?
130
What is the highest common factor of 27 and 2?
1
Calculate the greatest common divisor of 16 and 3152.
16
What is the highest common 